{"id":2,"date":"2022-09-19T17:20:25","date_gmt":"2022-09-19T15:20:25","guid":{"rendered":"https:\/\/xn--lscher-fotodesign-22b.ch\/?page_id=2"},"modified":"2022-09-22T21:19:22","modified_gmt":"2022-09-22T19:19:22","slug":"beispiel-seite","status":"publish","type":"page","link":"https:\/\/xn--lscher-fotodesign-22b.ch\/","title":{"rendered":"f\u00fcr professionelle Fotoaufnahmen und Bildbearbeitungen jeglicher Art"},"content":{"rendered":"\n<p>Dies ist eine Beispiel-Seite. Sie unterscheidet sich von Beitr\u00e4gen, da sie stets an derselben Stelle bleibt und (bei den meisten Themes) in der Website-Navigation angezeigt wird. Die meisten starten mit einem Impressum, der Datenschutzerkl\u00e4rung oder einer \u00ab\u00dcber\u00a0uns\u00bb-Seite, um sich potenziellen Besuchern der Website vorzustellen. Dort k\u00f6nnte zum Beispiel stehen:<\/p>\n\n\n\n<blockquote class=\"wp-block-quote is-layout-flow wp-block-quote-is-layout-flow\"><p>Hallo! Tags\u00fcber arbeite ich als Velokurier, nachts bin ich ein aufstrebender Schauspieler und dies hier ist meine Website. Ich lebe in Z\u00fcrich, habe einen grossen Hund namens Jack, mag Pi&#241;a Coladas, jedoch weniger (ohne Schirm) im Regen stehen gelassen zu werden<\/p><\/blockquote>\n\n\n\n<p>&#8230;\u00a0oder so etwas wie:<\/p>\n\n\n\n<blockquote class=\"wp-block-quote is-layout-flow wp-block-quote-is-layout-flow\"><p>Das Unternehmen XYZ wurde 1971 gegr\u00fcndet und versorgt die \u00d6ffentlichkeit seither mit qualitativ hochwertigen Produkten. An seinem Standort in einer kleinen Grossstadt besch\u00e4ftigt der Betrieb \u00fcber 2.000 Menschen und unterst\u00fctzt die Stadtbewohner in vielfacher Hinsicht.<\/p><\/blockquote>\n\n\n\n<p>Als neuer WordPress-Benutzer sollten Sie <a href=\"https:\/\/xn--lscher-fotodesign-22b.ch\/wp-admin\/\">Ihr Dashboard<\/a> aufrufen, um diese Seite zu l\u00f6schen und neue Seiten und Beitr\u00e4ge f\u00fcr Ihre Website erstellen. Viel Spass!<\/p>\n","protected":false},"excerpt":{"rendered":"<p>Dies ist eine Beispiel-Seite. Sie unterscheidet sich von Beitr\u00e4gen, da sie stets an derselben Stelle bleibt und (bei den meisten Themes) in der Website-Navigation angezeigt wird. Die meisten starten mit einem Impressum, der Datenschutzerkl\u00e4rung oder einer \u00ab\u00dcber\u00a0uns\u00bb-Seite, um sich potenziellen Besuchern der Website vorzustellen. Dort k\u00f6nnte zum Beispiel stehen: Hallo! Tags\u00fcber arbeite ich als Velokurier, [&hellip;]<\/p>\n","protected":false},"author":1,"featured_media":0,"parent":0,"menu_order":0,"comment_status":"closed","ping_status":"open","template":"","meta":{"footnotes":""},"class_list":["post-2","page","type-page","status-publish","hentry"],"yoast_head":"<!-- This site is optimized with the Yoast SEO plugin v27.4 - https:\/\/yoast.com\/product\/yoast-seo-wordpress\/ -->\n<title>f\u00fcr professionelle Fotoaufnahmen und Bildbearbeitungen jeglicher Art - L\u00fcscher Fotografie und Fotodesign<\/title>\n<meta name=\"robots\" content=\"index, follow, max-snippet:-1, max-image-preview:large, max-video-preview:-1\" \/>\n<link rel=\"canonical\" href=\"https:\/\/xn--lscher-fotodesign-22b.ch\/\" \/>\n<meta property=\"og:locale\" content=\"de_DE\" \/>\n<meta property=\"og:type\" content=\"article\" \/>\n<meta property=\"og:title\" content=\"f\u00fcr professionelle Fotoaufnahmen und Bildbearbeitungen jeglicher Art - L\u00fcscher Fotografie und Fotodesign\" \/>\n<meta property=\"og:description\" content=\"Dies ist eine Beispiel-Seite. Sie unterscheidet sich von Beitr\u00e4gen, da sie stets an derselben Stelle bleibt und (bei den meisten Themes) in der Website-Navigation angezeigt wird. Die meisten starten mit einem Impressum, der Datenschutzerkl\u00e4rung oder einer \u00ab\u00dcber\u00a0uns\u00bb-Seite, um sich potenziellen Besuchern der Website vorzustellen. Dort k\u00f6nnte zum Beispiel stehen: Hallo! Tags\u00fcber arbeite ich als Velokurier, [&hellip;]\" \/>\n<meta property=\"og:url\" content=\"https:\/\/xn--lscher-fotodesign-22b.ch\/\" \/>\n<meta property=\"og:site_name\" content=\"L\u00fcscher Fotografie und Fotodesign\" \/>\n<meta property=\"article:modified_time\" content=\"2022-09-22T19:19:22+00:00\" \/>\n<meta name=\"twitter:card\" content=\"summary_large_image\" \/>\n<meta name=\"twitter:label1\" content=\"Gesch\u00e4tzte Lesezeit\" \/>\n\t<meta name=\"twitter:data1\" content=\"1\u00a0Minute\" \/>\n<script type=\"application\/ld+json\" class=\"yoast-schema-graph\">{\"@context\":\"https:\\\/\\\/schema.org\",\"@graph\":[{\"@type\":\"WebPage\",\"@id\":\"https:\\\/\\\/xn--lscher-fotodesign-22b.ch\\\/\",\"url\":\"https:\\\/\\\/xn--lscher-fotodesign-22b.ch\\\/\",\"name\":\"f\u00fcr professionelle Fotoaufnahmen und Bildbearbeitungen jeglicher Art - L\u00fcscher Fotografie und Fotodesign\",\"isPartOf\":{\"@id\":\"https:\\\/\\\/xn--lscher-fotodesign-22b.ch\\\/#website\"},\"datePublished\":\"2022-09-19T15:20:25+00:00\",\"dateModified\":\"2022-09-22T19:19:22+00:00\",\"breadcrumb\":{\"@id\":\"https:\\\/\\\/xn--lscher-fotodesign-22b.ch\\\/#breadcrumb\"},\"inLanguage\":\"de-CH\",\"potentialAction\":[{\"@type\":\"ReadAction\",\"target\":[\"https:\\\/\\\/xn--lscher-fotodesign-22b.ch\\\/\"]}]},{\"@type\":\"BreadcrumbList\",\"@id\":\"https:\\\/\\\/xn--lscher-fotodesign-22b.ch\\\/#breadcrumb\",\"itemListElement\":[{\"@type\":\"ListItem\",\"position\":1,\"name\":\"Home\",\"item\":\"https:\\\/\\\/xn--lscher-fotodesign-22b.ch\\\/\"},{\"@type\":\"ListItem\",\"position\":2,\"name\":\"f\u00fcr professionelle Fotoaufnahmen und Bildbearbeitungen jeglicher Art\"}]},{\"@type\":\"WebSite\",\"@id\":\"https:\\\/\\\/xn--lscher-fotodesign-22b.ch\\\/#website\",\"url\":\"https:\\\/\\\/xn--lscher-fotodesign-22b.ch\\\/\",\"name\":\"L\u00fcscher Fotografie und Fotodesign\",\"description\":\"Fotografie und Fotodesign\",\"publisher\":{\"@id\":\"https:\\\/\\\/xn--lscher-fotodesign-22b.ch\\\/#organization\"},\"potentialAction\":[{\"@type\":\"SearchAction\",\"target\":{\"@type\":\"EntryPoint\",\"urlTemplate\":\"https:\\\/\\\/xn--lscher-fotodesign-22b.ch\\\/?s={search_term_string}\"},\"query-input\":{\"@type\":\"PropertyValueSpecification\",\"valueRequired\":true,\"valueName\":\"search_term_string\"}}],\"inLanguage\":\"de-CH\"},{\"@type\":\"Organization\",\"@id\":\"https:\\\/\\\/xn--lscher-fotodesign-22b.ch\\\/#organization\",\"name\":\"L\u00fcscher Fotografie und Fotodesign\",\"url\":\"https:\\\/\\\/xn--lscher-fotodesign-22b.ch\\\/\",\"logo\":{\"@type\":\"ImageObject\",\"inLanguage\":\"de-CH\",\"@id\":\"https:\\\/\\\/xn--lscher-fotodesign-22b.ch\\\/#\\\/schema\\\/logo\\\/image\\\/\",\"url\":\"https:\\\/\\\/xn--lscher-fotodesign-22b.ch\\\/wp-content\\\/uploads\\\/2022\\\/09\\\/Logo_Luescher_Daniel_def-scaled.jpg\",\"contentUrl\":\"https:\\\/\\\/xn--lscher-fotodesign-22b.ch\\\/wp-content\\\/uploads\\\/2022\\\/09\\\/Logo_Luescher_Daniel_def-scaled.jpg\",\"width\":2560,\"height\":944,\"caption\":\"L\u00fcscher Fotografie und Fotodesign\"},\"image\":{\"@id\":\"https:\\\/\\\/xn--lscher-fotodesign-22b.ch\\\/#\\\/schema\\\/logo\\\/image\\\/\"}}]}<\/script>\n<!-- \/ Yoast SEO plugin. -->","yoast_head_json":{"title":"f\u00fcr professionelle Fotoaufnahmen und Bildbearbeitungen jeglicher Art - L\u00fcscher Fotografie und Fotodesign","robots":{"index":"index","follow":"follow","max-snippet":"max-snippet:-1","max-image-preview":"max-image-preview:large","max-video-preview":"max-video-preview:-1"},"canonical":"https:\/\/xn--lscher-fotodesign-22b.ch\/","og_locale":"de_DE","og_type":"article","og_title":"f\u00fcr professionelle Fotoaufnahmen und Bildbearbeitungen jeglicher Art - L\u00fcscher Fotografie und Fotodesign","og_description":"Dies ist eine Beispiel-Seite. Sie unterscheidet sich von Beitr\u00e4gen, da sie stets an derselben Stelle bleibt und (bei den meisten Themes) in der Website-Navigation angezeigt wird. Die meisten starten mit einem Impressum, der Datenschutzerkl\u00e4rung oder einer \u00ab\u00dcber\u00a0uns\u00bb-Seite, um sich potenziellen Besuchern der Website vorzustellen. Dort k\u00f6nnte zum Beispiel stehen: Hallo! Tags\u00fcber arbeite ich als Velokurier, [&hellip;]","og_url":"https:\/\/xn--lscher-fotodesign-22b.ch\/","og_site_name":"L\u00fcscher Fotografie und Fotodesign","article_modified_time":"2022-09-22T19:19:22+00:00","twitter_card":"summary_large_image","twitter_misc":{"Gesch\u00e4tzte Lesezeit":"1\u00a0Minute"},"schema":{"@context":"https:\/\/schema.org","@graph":[{"@type":"WebPage","@id":"https:\/\/xn--lscher-fotodesign-22b.ch\/","url":"https:\/\/xn--lscher-fotodesign-22b.ch\/","name":"f\u00fcr professionelle Fotoaufnahmen und Bildbearbeitungen jeglicher Art - L\u00fcscher Fotografie und Fotodesign","isPartOf":{"@id":"https:\/\/xn--lscher-fotodesign-22b.ch\/#website"},"datePublished":"2022-09-19T15:20:25+00:00","dateModified":"2022-09-22T19:19:22+00:00","breadcrumb":{"@id":"https:\/\/xn--lscher-fotodesign-22b.ch\/#breadcrumb"},"inLanguage":"de-CH","potentialAction":[{"@type":"ReadAction","target":["https:\/\/xn--lscher-fotodesign-22b.ch\/"]}]},{"@type":"BreadcrumbList","@id":"https:\/\/xn--lscher-fotodesign-22b.ch\/#breadcrumb","itemListElement":[{"@type":"ListItem","position":1,"name":"Home","item":"https:\/\/xn--lscher-fotodesign-22b.ch\/"},{"@type":"ListItem","position":2,"name":"f\u00fcr professionelle Fotoaufnahmen und Bildbearbeitungen jeglicher Art"}]},{"@type":"WebSite","@id":"https:\/\/xn--lscher-fotodesign-22b.ch\/#website","url":"https:\/\/xn--lscher-fotodesign-22b.ch\/","name":"L\u00fcscher Fotografie und Fotodesign","description":"Fotografie und Fotodesign","publisher":{"@id":"https:\/\/xn--lscher-fotodesign-22b.ch\/#organization"},"potentialAction":[{"@type":"SearchAction","target":{"@type":"EntryPoint","urlTemplate":"https:\/\/xn--lscher-fotodesign-22b.ch\/?s={search_term_string}"},"query-input":{"@type":"PropertyValueSpecification","valueRequired":true,"valueName":"search_term_string"}}],"inLanguage":"de-CH"},{"@type":"Organization","@id":"https:\/\/xn--lscher-fotodesign-22b.ch\/#organization","name":"L\u00fcscher Fotografie und Fotodesign","url":"https:\/\/xn--lscher-fotodesign-22b.ch\/","logo":{"@type":"ImageObject","inLanguage":"de-CH","@id":"https:\/\/xn--lscher-fotodesign-22b.ch\/#\/schema\/logo\/image\/","url":"https:\/\/xn--lscher-fotodesign-22b.ch\/wp-content\/uploads\/2022\/09\/Logo_Luescher_Daniel_def-scaled.jpg","contentUrl":"https:\/\/xn--lscher-fotodesign-22b.ch\/wp-content\/uploads\/2022\/09\/Logo_Luescher_Daniel_def-scaled.jpg","width":2560,"height":944,"caption":"L\u00fcscher Fotografie und Fotodesign"},"image":{"@id":"https:\/\/xn--lscher-fotodesign-22b.ch\/#\/schema\/logo\/image\/"}}]}},"_links":{"self":[{"href":"https:\/\/xn--lscher-fotodesign-22b.ch\/index.php?rest_route=\/wp\/v2\/pages\/2","targetHints":{"allow":["GET"]}}],"collection":[{"href":"https:\/\/xn--lscher-fotodesign-22b.ch\/index.php?rest_route=\/wp\/v2\/pages"}],"about":[{"href":"https:\/\/xn--lscher-fotodesign-22b.ch\/index.php?rest_route=\/wp\/v2\/types\/page"}],"author":[{"embeddable":true,"href":"https:\/\/xn--lscher-fotodesign-22b.ch\/index.php?rest_route=\/wp\/v2\/users\/1"}],"replies":[{"embeddable":true,"href":"https:\/\/xn--lscher-fotodesign-22b.ch\/index.php?rest_route=%2Fwp%2Fv2%2Fcomments&post=2"}],"version-history":[{"count":3,"href":"https:\/\/xn--lscher-fotodesign-22b.ch\/index.php?rest_route=\/wp\/v2\/pages\/2\/revisions"}],"predecessor-version":[{"id":372,"href":"https:\/\/xn--lscher-fotodesign-22b.ch\/index.php?rest_route=\/wp\/v2\/pages\/2\/revisions\/372"}],"wp:attachment":[{"href":"https:\/\/xn--lscher-fotodesign-22b.ch\/index.php?rest_route=%2Fwp%2Fv2%2Fmedia&parent=2"}],"curies":[{"name":"wp","href":"https:\/\/api.w.org\/{rel}","templated":true}]}}